{"id":7167,"date":"2022-07-15T14:46:38","date_gmt":"2022-07-15T14:46:38","guid":{"rendered":"https:\/\/sante-et-sejours.com\/store\/?post_type=product&#038;p=7167"},"modified":"2022-11-17T11:28:49","modified_gmt":"2022-11-17T10:28:49","slug":"casaques-jetables-non-sterile","status":"publish","type":"product","link":"https:\/\/sante-et-sejours.com\/store\/produit\/casaques-jetables-non-sterile\/","title":{"rendered":"CASAQUE NON TISSEE JETABLE"},"content":{"rendered":"<p>Surblouse non tiss\u00e9e, non st\u00e9rile, jetable.<br \/>\n&#8211; En polypropyl\u00e8ne non tiss\u00e9, opaque et r\u00e9sistant, pour une protection renforc\u00e9e.<br \/>\n&#8211; Usage unique.<br \/>\n&#8211; Coloris bleu, blanc<br \/>\n&#8211; Sans latex, sans PVC.<\/p>\n","protected":false},"excerpt":{"rendered":"<p>Surblouse non tiss\u00e9e, non st\u00e9rile, jetable. &#8211; En polypropyl\u00e8ne non tiss\u00e9, opaque et r\u00e9sistant, pour une protection renforc\u00e9e. &#8211; Usage unique. &#8211; Coloris bleu, blanc &#8211; Sans latex, sans PVC.<\/p>\n","protected":false},"featured_media":7168,"comment_status":"open","ping_status":"closed","template":"","meta":[],"product_cat":[84,85],"product_tag":[],"class_list":["post-7167","product","type-product","status-publish","has-post-thumbnail","hentry","product_cat-paramedical","product_cat-consommable-medical","thunk-woo-product-list","opn-qv-enable","top-store-woo-hover-zoom","top-store-single-product-tab-horizontal","top-store-shadow-","top-store-shadow-hover-"],"aioseo_notices":[],"_links":{"self":[{"href":"https:\/\/sante-et-sejours.com\/store\/wp-json\/wp\/v2\/product\/7167","targetHints":{"allow":["GET"]}}],"collection":[{"href":"https:\/\/sante-et-sejours.com\/store\/wp-json\/wp\/v2\/product"}],"about":[{"href":"https:\/\/sante-et-sejours.com\/store\/wp-json\/wp\/v2\/types\/product"}],"replies":[{"embeddable":true,"href":"https:\/\/sante-et-sejours.com\/store\/wp-json\/wp\/v2\/comments?post=7167"}],"wp:featuredmedia":[{"embeddable":true,"href":"https:\/\/sante-et-sejours.com\/store\/wp-json\/wp\/v2\/media\/7168"}],"wp:attachment":[{"href":"https:\/\/sante-et-sejours.com\/store\/wp-json\/wp\/v2\/media?parent=7167"}],"wp:term":[{"taxonomy":"product_cat","embeddable":true,"href":"https:\/\/sante-et-sejours.com\/store\/wp-json\/wp\/v2\/product_cat?post=7167"},{"taxonomy":"product_tag","embeddable":true,"href":"https:\/\/sante-et-sejours.com\/store\/wp-json\/wp\/v2\/product_tag?post=7167"}],"curies":[{"name":"wp","href":"https:\/\/api.w.org\/{rel}","templated":true}]}}